{"id":89,"date":"2024-04-04T22:06:41","date_gmt":"2024-04-04T20:06:41","guid":{"rendered":"http:\/\/localhost\/mitic\/?page_id=2"},"modified":"2025-08-01T16:09:50","modified_gmt":"2025-08-01T14:09:50","slug":"acerca-de-nosotros","status":"publish","type":"page","link":"\/?page_id=89","title":{"rendered":"\u00bfQui\u00e9nes Somos?"},"content":{"rendered":"\n<div class=\"wp-block-columns alignfull is-layout-flex wp-container-core-columns-is-layout-28f84493 wp-block-columns-is-layout-flex\">\n<div class=\"wp-block-column is-layout-flow wp-block-column-is-layout-flow\" style=\"flex-basis:100%\">\n<div class=\"wp-block-cover alignfull mitic-about-photo has-mitic-white-color has-text-color has-link-color wp-elements-39bdbd72fc353b74805c63e9a02cb6ce wp-duotone-unset-1\" style=\"border-radius:4px;margin-top:0;margin-bottom:0;padding-top:48px;padding-right:48px;padding-bottom:48px;padding-left:48px;min-height:461px;aspect-ratio:unset;\"><img loading=\"lazy\" decoding=\"async\" width=\"2560\" height=\"1501\" class=\"wp-block-cover__image-background wp-image-2398 size-full\" alt=\"\" src=\"http:\/\/10.1.3.5\/seprelad\/wp-content\/uploads\/2025\/07\/20250709_093934-scaled.jpg\" data-object-fit=\"cover\" srcset=\"\/wp-content\/uploads\/2025\/07\/20250709_093934-scaled.jpg 2560w, \/wp-content\/uploads\/2025\/07\/20250709_093934-300x176.jpg 300w, \/wp-content\/uploads\/2025\/07\/20250709_093934-1024x600.jpg 1024w, \/wp-content\/uploads\/2025\/07\/20250709_093934-768x450.jpg 768w, \/wp-content\/uploads\/2025\/07\/20250709_093934-1536x900.jpg 1536w, \/wp-content\/uploads\/2025\/07\/20250709_093934-2048x1200.jpg 2048w\" sizes=\"auto, (max-width: 2560px) 100vw, 2560px\" \/><span aria-hidden=\"true\" class=\"wp-block-cover__background has-mitic-black-background-color has-background-dim-60 has-background-dim\"><\/span><div class=\"wp-block-cover__inner-container is-layout-flow wp-container-core-cover-is-layout-3fec42d4 wp-block-cover-is-layout-flow\">\n<p class=\"has-normal-font-size\">La Secretar\u00eda de Prevenci\u00f3n de Lavado de Dinero o Bienes \u2013 SEPRELAD, es la entidad gubernamental encargada de regular las obligaciones, las actuaciones y los procedimientos para prevenir e impedir la utilizaci\u00f3n del sistema financiero y de otros sectores de la actividad econ\u00f3mica para la realizaci\u00f3n de los actos destinados al lavado de activos  y el financiamiento del terrorismo.<br>La SEPRELAD se rige por la Ley N\u00ba 1015\/97 <em>\u201cQue previene y reprime los actos il\u00edcitos destinados a la legitimaci\u00f3n de activos o bienes\u201d<\/em> y su modificatoria la Ley N\u00ba 3783\/09, en virtud de la cual, se constituye como <strong>Unidad de Inteligencia Financiera (UIF) de la Rep\u00fablica del Paraguay<\/strong>, goza de autonom\u00eda funcional y administrativa dentro de los l\u00edmites de la ley y de los reglamentos.<\/p>\n<\/div><\/div>\n<\/div>\n<\/div>\n\n\n\n<div class=\"wp-block-columns alignfull are-vertically-aligned-center is-layout-flex wp-container-core-columns-is-layout-28f84493 wp-block-columns-is-layout-flex\">\n<div class=\"wp-block-column is-vertically-aligned-center is-layout-flow wp-block-column-is-layout-flow\" style=\"flex-basis:100%\"><\/div>\n<\/div>\n\n\n\n<h3 class=\"wp-block-heading has-mitic-indigo-color has-text-color has-link-color wp-elements-14fcfb2e4ad6e85d80297b1647754024\">FUNCIONES Y ATRIBUCIONES<\/h3>\n\n\n\n<div class=\"wp-block-columns is-layout-flex wp-container-core-columns-is-layout-28f84493 wp-block-columns-is-layout-flex\">\n<div class=\"wp-block-column is-layout-flow wp-block-column-is-layout-flow\">\n<p class=\"has-mitic-white-color has-mitic-indigo-background-color has-text-color has-background has-link-color wp-elements-b921c9c07b0f14201ff63e707cdd1ce6\">1-Dictar en el marco de las leyes que rigen la materia, los reglamentos de car\u00e1cter administrativo que deban observar los sujetos obligados con el fin de evitar, detectar y reportar las operaciones de lavado de dinero y las operaciones, relacionadas al \u00e1mbito de aplicaci\u00f3n de la presente Ley;<\/p>\n\n\n\n<p class=\"has-mitic-white-color has-mitic-blue-background-color has-text-color has-background has-link-color wp-elements-0a5fcbbd4442b7266f5ffa2bae37a084\">2-Recabar de las instituciones p\u00fablicas y de los sujetos obligados toda la informaci\u00f3n que pueda tener vinculaci\u00f3n con las informaciones analizadas;<\/p>\n\n\n\n<p class=\"has-mitic-white-color has-mitic-indigo-background-color has-text-color has-background has-link-color wp-elements-ec6754d28b86d26b70b1a3bacf3a2f1e\">3-Analizar la informaci\u00f3n obtenida, a fin de determinar transacciones sospechosas, as\u00ed como operaciones o patrones relacionados al \u00e1mbito de aplicaci\u00f3n de la presente Ley;<\/p>\n\n\n\n<p class=\"has-mitic-white-color has-mitic-blue-background-color has-text-color has-background has-link-color wp-elements-d0f142c6fde7df5a3ba7e9af02df26f1\">4-Mantener estad\u00edsticas del movimiento financiero relacionadas con las informaciones sometidas a su competencia;<\/p>\n\n\n\n<p class=\"has-mitic-white-color has-mitic-indigo-background-color has-text-color has-background has-link-color wp-elements-586c9f96e4dc62776c03295601463d7f\">5-Disponer la investigaci\u00f3n de las operaciones de las cuales se deriven indicios racionales de hechos relacionados con el \u00e1mbito de aplicaci\u00f3n de la presente Ley;<\/p>\n\n\n\n<p class=\"has-mitic-white-color has-mitic-blue-background-color has-text-color has-background has-link-color wp-elements-3fa446581ad80a951e248fe3788ec41e\">6- Elevar al Ministerio P\u00fablico los casos en que surjan indicios vehementes de la comisi\u00f3n de delitos relacionados con el \u00e1mbito de aplicaci\u00f3n de la presente Ley para que se inicie la investigaci\u00f3n correspondiente;<\/p>\n<\/div>\n\n\n\n<div class=\"wp-block-column is-layout-flow wp-block-column-is-layout-flow\">\n<p class=\"has-mitic-white-color has-mitic-blue-background-color has-text-color has-background has-link-color wp-elements-9c1ae8d41c40dd2269baece4f3fd5a18\"><strong>7.&nbsp;<\/strong>Elevar los antecedentes a los \u00f3rganos e instituciones encargados de supervisar a los sujetos obligados cuando se detecten infracciones administrativas a la Ley o los reglamentos, a los efectos de su investigaci\u00f3n y sanci\u00f3n en su caso.<\/p>\n\n\n\n<p class=\"has-mitic-white-color has-mitic-indigo-background-color has-text-color has-background has-link-color wp-elements-63386c4f71d333cef5c102ba75c247f8\"><strong>8.&nbsp;<\/strong>Registrar todas las personas f\u00edsicas y jur\u00eddicas que hayan sido sancionadas en virtud de lo previsto en el Art\u00edculo 24 de la&nbsp;<a href=\"https:\/\/www.bacn.gov.py\/leyes-paraguayas\/9095\/ley-n-6497-modifica-disposiciones-de-la-ley-n-10151997-que-previene-y-reprime-los-actos-ilicitos-destinados-a-la-legitimacion-de-dinero-o-bienes-y-su-modificatoria-ley-n-37832009#:~:text=%C2%B0%203783%2F2009-,Ley%20N%C2%BA%206497%20%2F%20MODIFICA%20DISPOSICIONES%20DE%20LA%20LEY%20N%C2%B0,LEY%20N%C2%B0%203783%2F2009\" target=\"_blank\" rel=\"noreferrer noopener\">Ley N\u00b0 6497\/2019&nbsp;<\/a>\u201cQUE MODIFICA DISPOSICIONES DE LA LEY N\u00b0 1015\/1997 \u2018QUE PREVIENE Y REPRIME LOS ACTOS IL\u00cdCITOS DESTINADOS A LA LEGITIMACI\u00d3N DE DINERO O BIENES\u2019 Y SU MODIFICATORIA LEY N\u00b0 3783\/2009\u201d. <\/p>\n\n\n\n<p class=\"has-mitic-white-color has-mitic-blue-background-color has-text-color has-background has-link-color wp-elements-049de8dba436567944a4c66e67abbb1e\">9.&nbsp;Disponer la reglamentaci\u00f3n, supervisi\u00f3n y sanci\u00f3n de los sujetos obligados establecidos en el Art\u00edculo 13 de la presente Ley, que no cuenten con entidades reguladoras o supervisores naturales.<\/p>\n\n\n\n<p class=\"has-mitic-white-color has-mitic-indigo-background-color has-text-color has-background has-link-color wp-elements-8983660be59b2403ad495947291ba2cf\">10.&nbsp;Percibir aranceles en contraprestaci\u00f3n de los servicios que esta Secretar\u00eda brinde. Estos recursos ser\u00e1n destinados a la implementaci\u00f3n, operaci\u00f3n, desarrollo, mantenimiento y actualizaci\u00f3n de los mecanismos destinados a la lucha del lavado de dinero y financiamiento del terrorismo.<\/p>\n\n\n\n<p class=\"has-mitic-white-color has-mitic-blue-background-color has-text-color has-background has-link-color wp-elements-445bb4df89550ab5b862dd0d07f171b5\">11.&nbsp;Recibir y aceptar como fuente de recursos extraordinarios, donaciones y legados de terceros.<\/p>\n<\/div>\n<\/div>\n\n\n\n<h3 class=\"wp-block-heading has-mitic-indigo-color has-text-color has-link-color wp-elements-95bdafcf7ef3154ed9e6126c273926fd\"><\/h3>\n\n\n\n<hr class=\"wp-block-separator has-text-color has-mitic-gray-300-color has-alpha-channel-opacity has-mitic-gray-300-background-color has-background is-style-wide\" style=\"margin-top:var(--wp--preset--spacing--70);margin-bottom:var(--wp--preset--spacing--70)\"\/>\n\n\n\n<div class=\"wp-block-columns is-layout-flex wp-container-core-columns-is-layout-28f84493 wp-block-columns-is-layout-flex\">\n<div class=\"wp-block-column is-layout-flow wp-block-column-is-layout-flow\">\n<figure class=\"wp-block-image size-large has-custom-border\"><img decoding=\"async\" src=\"\/wp-content\/uploads\/2025\/07\/20250709_094026-scaled.jpg\" alt=\"\" style=\"border-radius:12px\"\/><\/figure>\n<\/div>\n\n\n\n<div class=\"wp-block-column is-layout-flow wp-block-column-is-layout-flow\">\n<div class=\"wp-block-group has-mitic-indigo-background-color has-background\" style=\"border-radius:12px\"><div class=\"wp-block-group__inner-container is-layout-constrained wp-container-core-group-is-layout-e0082cf6 wp-block-group-is-layout-constrained\">\n<h4 class=\"wp-block-heading mb-2 has-mitic-white-color has-text-color has-link-color has-large-font-size wp-elements-8f3d32106297ca0837af3f0bbe369097\">Misi\u00f3n<\/h4>\n\n\n\n<p class=\"has-mitic-white-color has-text-color has-link-color wp-elements-4471368d617a701cf220844ac427a3a5\"><em>\u00abSomos una Unidad de Inteligencia Financiera constituida para regular y supervisar, capacitada para recibir, analizar y proporcionar informaci\u00f3n relevante a fin de prevenir y combatir el lavado de activos, el financiamiento del terrorismo y de la proliferaci\u00f3n de armas de destrucci\u00f3n masiva, en beneficio de la econom\u00eda nacional y el bienestar de la sociedad.\u00bb<\/em><\/p>\n<\/div><\/div>\n\n\n\n<div class=\"wp-block-group has-mitic-gray-300-background-color has-background\" style=\"border-radius:12px\"><div class=\"wp-block-group__inner-container is-layout-constrained wp-container-core-group-is-layout-e0082cf6 wp-block-group-is-layout-constrained\">\n<h4 class=\"wp-block-heading mb-2 has-mitic-gray-900-color has-text-color has-link-color has-large-font-size wp-elements-57961f874a8f3b05eeceeca236d60dad\">Visi\u00f3n<\/h4>\n\n\n\n<p class=\"has-mitic-black-color has-text-color has-link-color wp-elements-5b0bcf6e1d8bba2e9676b04ad2b150fc\"><em>\u00abSer una Unidad de Inteligencia Financiera transparente, objetiva e innovada tecnol\u00f3gicamente, capaz de articular acciones para prevenir y generar proactivamente informaci\u00f3n \u00fatil para el combate al lavado de activos, el financiamiento del terrorismo y de la proliferaci\u00f3n de armas de destrucci\u00f3n masiva.\u00bb<\/em><\/p>\n<\/div><\/div>\n<\/div>\n<\/div>\n\n\n\n<hr class=\"wp-block-separator has-text-color has-mitic-gray-300-color has-alpha-channel-opacity has-mitic-gray-300-background-color has-background is-style-wide\" style=\"margin-top:var(--wp--preset--spacing--70);margin-bottom:var(--wp--preset--spacing--70)\"\/>\n\n\n\n<h2 class=\"wp-block-heading has-text-align-center rounded-4 py-4 has-mitic-white-color has-mitic-indigo-background-color has-text-color has-background has-link-color wp-elements-ce1573115dccff283cded786b790e130\">VALORES<\/h2>\n\n\n\n<ul class=\"wp-block-list list-masonry mt-4\">\n<li><strong><em>Proactividad<\/em><\/strong><\/li>\n\n\n\n<li><strong><em>Transparencia<\/em><\/strong><\/li>\n\n\n\n<li><strong><em>Integridad<\/em><\/strong><\/li>\n\n\n\n<li><strong><em>Imparcialidad<\/em><\/strong><\/li>\n<\/ul>\n\n\n\n<h2 class=\"wp-block-heading has-text-align-center rounded-4 py-4 has-mitic-white-color has-mitic-indigo-background-color has-text-color has-background has-link-color wp-elements-f725e25c98966a86bea54cbf1d11b5ab\">PROP\u00d3SITO INSTITUCIONAL:<\/h2>\n\n\n\n<p><em>Promover y ejecutar pol\u00edticas de Estado relacionadas a la prevenci\u00f3n del lavado de activos, del financiamiento del terrorismo y de la proliferaci\u00f3n de armas de destrucci\u00f3n masiva para el bienestar econ\u00f3mico y financiero del pa\u00eds.<\/em><\/p>\n\n\n\n<h2 class=\"wp-block-heading has-text-align-center rounded-4 py-4 has-mitic-white-color has-mitic-indigo-background-color has-text-color has-background has-link-color wp-elements-83780bde2210e3ffb91d4b77d932009c\">ESLOGAN INSTITUCIONAL:<\/h2>\n\n\n\n<p><em>\u00abComprometidos con la seguridad econ\u00f3mica y financiera del Paraguay.\u00bb<\/em><\/p>\n\n\n\n<h2 class=\"wp-block-heading has-text-align-center rounded-4 py-4 has-mitic-white-color has-mitic-indigo-background-color has-text-color has-background has-link-color wp-elements-1582fc9cfea9776a908702b80db0991f\">POL\u00cdTICA DE ACCI\u00d3N<\/h2>\n\n\n<p style=\"text-align: justify;\"><em>\u00abLa Secretar\u00eda de Prevenci\u00f3n de Lavado de Dinero o Bienes (SEPRELAD) es la Unidad de Inteligencia Financiera (UIF) de la Rep\u00fablica del Paraguay, reconocida como \u00f3rgano rector y t\u00e9cnico del sistema paraguayo de prevenci\u00f3n del lavado de activos (LA), el financiamiento del terrorismo (FT) y el financiamiento de la proliferaci\u00f3n de armas de destrucci\u00f3n masiva (FP).<\/em><\/p>\n<p style=\"text-align: justify;\"><em>Su pol\u00edtica de acci\u00f3n se sustenta en principios de legalidad, proporcionalidad, coordinaci\u00f3n y enfoque basado en riesgos, y responde a los compromisos asumidos por Paraguay a nivel nacional e internacional<\/em><\/p>\n<p style=\"text-align: justify;\"><em>A partir de la implementaci\u00f3n del Plan Estrat\u00e9gico del Estado Paraguayo de lucha contra el lavado de dinero, el financiamiento del terrorismo y la proliferaci\u00f3n de armas de destrucci\u00f3n masiva, cuya elaboraci\u00f3n inici\u00f3 en el a\u00f1o 2012 y culmin\u00f3 en el a\u00f1o 2013 con su aprobaci\u00f3n mediante Decreto N\u00b0 11.200\/13, la SEPRELAD se ha consolidado como una instituci\u00f3n referente en la implementaci\u00f3n de iniciativas para el fortalecimiento del Sistema ALA\/CFT,<\/em><br \/><em>abarcando varios ejes como el marco normativo y regulatorio; supervisi\u00f3n de sujetos obligados; inteligencia financiera y estrat\u00e9gica; implementaci\u00f3n del Enfoque Basado en Riesgos y Coordinaci\u00f3n interinstitucional. \u00bb<\/em><\/p>\n\n\n<p><\/p>\n\n\n\n<h2 class=\"wp-block-heading has-text-align-center rounded-4 py-4 has-mitic-white-color has-mitic-indigo-background-color has-text-color has-background has-link-color wp-elements-c886faaf75a3510c26a90f2dae6d2902\">ESTRUCTURA ORGANIZACIONAL<\/h2>\n\n\n\n<figure class=\"wp-block-image size-large\"><img decoding=\"async\" src=\"\/wp-content\/uploads\/2025\/03\/ORGS.png\" alt=\"\" style=\"aspect-ratio:1\"\/><\/figure>\n\n\n\n<p><\/p>\n","protected":false},"excerpt":{"rendered":"<p>FUNCIONES Y ATRIBUCIONES 1-Dictar en el marco de las leyes que rigen la materia, los reglamentos de car\u00e1cter administrativo que deban observar los sujetos obligados con el fin de evitar, detectar y reportar las operaciones de lavado de dinero y las operaciones, relacionadas al \u00e1mbito de aplicaci\u00f3n de la presente Ley; 2-Recabar de las instituciones [&hellip;]<\/p>\n","protected":false},"author":1,"featured_media":0,"parent":0,"menu_order":0,"comment_status":"closed","ping_status":"closed","template":"","meta":{"footnotes":""},"class_list":["post-89","page","type-page","status-publish","hentry"],"_links":{"self":[{"href":"\/index.php?rest_route=\/wp\/v2\/pages\/89","targetHints":{"allow":["GET"]}}],"collection":[{"href":"\/index.php?rest_route=\/wp\/v2\/pages"}],"about":[{"href":"\/index.php?rest_route=\/wp\/v2\/types\/page"}],"author":[{"embeddable":true,"href":"\/index.php?rest_route=\/wp\/v2\/users\/1"}],"replies":[{"embeddable":true,"href":"\/index.php?rest_route=%2Fwp%2Fv2%2Fcomments&post=89"}],"version-history":[{"count":57,"href":"\/index.php?rest_route=\/wp\/v2\/pages\/89\/revisions"}],"predecessor-version":[{"id":3055,"href":"\/index.php?rest_route=\/wp\/v2\/pages\/89\/revisions\/3055"}],"wp:attachment":[{"href":"\/index.php?rest_route=%2Fwp%2Fv2%2Fmedia&parent=89"}],"curies":[{"name":"wp","href":"https:\/\/api.w.org\/{rel}","templated":true}]}}