{"id":2393,"date":"2025-07-09T16:21:45","date_gmt":"2025-07-09T14:21:45","guid":{"rendered":"http:\/\/10.1.3.5\/seprelad\/?page_id=2393"},"modified":"2025-07-29T18:51:54","modified_gmt":"2025-07-29T16:51:54","slug":"convenios-nacionales-con-otras-instituciones","status":"publish","type":"page","link":"\/?page_id=2393","title":{"rendered":"Convenios nacionales con otras instituciones"},"content":{"rendered":"<p style=\"text-align: justify;\"><span style=\"color: #000000;\"><em>\u201cCon el objetivo de fortalecer la coordinaci\u00f3n interinstitucional y consolidar una respuesta integral del Estado paraguayo frente al lavado de activos (LA), el financiamiento del terrorismo (FT) y otros hechos punibles precedentes, la Secretar\u00eda de Prevenci\u00f3n de Lavado de Dinero o Bienes (SEPRELAD) promueve la suscripci\u00f3n de convenios de cooperaci\u00f3n con diversas instituciones del sector p\u00fablico y organizaciones nacionales.<\/em><\/span><\/p>\n<p style=\"text-align: justify;\"><span style=\"color: #000000;\"><em>Estos acuerdos permiten establecer canales de intercambio de informaci\u00f3n seguros y oportunos, asistencia t\u00e9cnica y colaboraci\u00f3n operativa, en l\u00ednea con las mejores pr\u00e1cticas internacionales en materia de prevenci\u00f3n, detecci\u00f3n e investigaci\u00f3n de operaciones financieras, con la finalidad de incrementar la eficiencia en la supervisi\u00f3n y la aplicaci\u00f3n del enfoque basado en riesgos; la prevenci\u00f3n y detecci\u00f3n de operaciones sospechosas; y fomentar una cultura de integridad, cumplimiento y transparencia en el Sistema ALA\/CFT\/CFP\u201d.<\/em><\/span><\/p>\n\n\n<figure class=\"wp-block-image size-full is-resized\"><a href=\"\/documentos\/Firmas_de_Convenio.pdf\" target=\"_blank\" rel=\" noreferrer noopener\"><img loading=\"lazy\" decoding=\"async\" width=\"512\" height=\"512\" src=\"\/wp-content\/uploads\/2025\/03\/pdf.png\" alt=\"\" class=\"wp-image-591\" style=\"width:88px;height:auto\" srcset=\"\/wp-content\/uploads\/2025\/03\/pdf.png 512w, \/wp-content\/uploads\/2025\/03\/pdf-300x300.png 300w, \/wp-content\/uploads\/2025\/03\/pdf-150x150.png 150w\" sizes=\"auto, (max-width: 512px) 100vw, 512px\" \/><\/a><\/figure>\n\n\n\n<p><\/p>\n","protected":false},"excerpt":{"rendered":"<p>\u201cCon el objetivo de fortalecer la coordinaci\u00f3n interinstitucional y consolidar una respuesta integral del Estado paraguayo frente al lavado de activos (LA), el financiamiento del terrorismo (FT) y otros hechos punibles precedentes, la Secretar\u00eda de Prevenci\u00f3n de Lavado de Dinero o Bienes (SEPRELAD) promueve la suscripci\u00f3n de convenios de cooperaci\u00f3n con diversas instituciones del sector [&hellip;]<\/p>\n","protected":false},"author":1,"featured_media":0,"parent":0,"menu_order":0,"comment_status":"closed","ping_status":"closed","template":"","meta":{"footnotes":""},"class_list":["post-2393","page","type-page","status-publish","hentry"],"_links":{"self":[{"href":"\/index.php?rest_route=\/wp\/v2\/pages\/2393","targetHints":{"allow":["GET"]}}],"collection":[{"href":"\/index.php?rest_route=\/wp\/v2\/pages"}],"about":[{"href":"\/index.php?rest_route=\/wp\/v2\/types\/page"}],"author":[{"embeddable":true,"href":"\/index.php?rest_route=\/wp\/v2\/users\/1"}],"replies":[{"embeddable":true,"href":"\/index.php?rest_route=%2Fwp%2Fv2%2Fcomments&post=2393"}],"version-history":[{"count":7,"href":"\/index.php?rest_route=\/wp\/v2\/pages\/2393\/revisions"}],"predecessor-version":[{"id":3039,"href":"\/index.php?rest_route=\/wp\/v2\/pages\/2393\/revisions\/3039"}],"wp:attachment":[{"href":"\/index.php?rest_route=%2Fwp%2Fv2%2Fmedia&parent=2393"}],"curies":[{"name":"wp","href":"https:\/\/api.w.org\/{rel}","templated":true}]}}