{"id":2173,"date":"2025-07-02T16:06:42","date_gmt":"2025-07-02T14:06:42","guid":{"rendered":"http:\/\/10.1.3.5\/seprelad\/?page_id=2173"},"modified":"2025-07-14T14:47:42","modified_gmt":"2025-07-14T12:47:42","slug":"grupo-egmont","status":"publish","type":"page","link":"\/?page_id=2173","title":{"rendered":"Grupo EGMONT"},"content":{"rendered":"<p class=\"page-header\" style=\"text-align: justify;\"><strong>El Grupo Egmont<\/strong>\u00a0es un cuerpo unido de 164 Unidades de Inteligencia Financiera (UIF). El Grupo Egmont proporciona una plataforma para el intercambio seguro de experiencia e inteligencia financiera para combatir el lavado de dinero y el financiamiento del terrorismo (LD \/ FT). Esto es especialmente relevante ya que las UIF est\u00e1n en una posici\u00f3n \u00fanica para cooperar y apoyar los esfuerzos nacionales e internacionales para contrarrestar el financiamiento del terrorismo y son la puerta de entrada confiable para compartir informaci\u00f3n financiera a nivel nacional e internacional de acuerdo con la lucha contra el lavado de dinero y el financiamiento del terrorismo (AML \/ CFT).<\/p>\n<p style=\"text-align: justify;\">El Grupo Egmont contin\u00faa apoyando los esfuerzos de sus socios internacionales y otras partes interesadas para hacer efectivas las resoluciones y declaraciones del Consejo de Seguridad de las Naciones Unidas, los Ministros de Finanzas del G20 y el Grupo de Acci\u00f3n Financiera (GAFI). El Grupo Egmont puede agregar valor al trabajo de las UIF miembros al mejorar la comprensi\u00f3n de los riesgos de LA \/ FT entre sus partes interesadas. La organizaci\u00f3n puede aprovechar la experiencia operativa para informar las consideraciones de pol\u00edtica; incluyendo la implementaci\u00f3n ALD \/ CFT y reformas ALD \/ CFT. El Grupo Egmont es el brazo operativo del aparato internacional ALD \/ CFT.<\/p>\n<p style=\"text-align: justify;\">El Grupo Egmont reconoce que compartir la inteligencia financiera es de suma importancia y se ha convertido en la piedra angular de los esfuerzos internacionales para contrarrestar el LD \/ FT. Las Unidades de Inteligencia Financiera (UIF) de todo el mundo est\u00e1n obligadas por los est\u00e1ndares internacionales ALD \/ CFT a intercambiar informaci\u00f3n y participar en la cooperaci\u00f3n internacional. Como foro internacional de inteligencia financiera, el Grupo Egmont facilita e impulsa esto entre sus UIF miembros\u201d.<\/p>\n","protected":false},"excerpt":{"rendered":"<p>El Grupo Egmont\u00a0es un cuerpo unido de 164 Unidades de Inteligencia Financiera (UIF). El Grupo Egmont proporciona una plataforma para el intercambio seguro de experiencia e inteligencia financiera para combatir el lavado de dinero y el financiamiento del terrorismo (LD \/ FT). Esto es especialmente relevante ya que las UIF est\u00e1n en una posici\u00f3n \u00fanica [&hellip;]<\/p>\n","protected":false},"author":1,"featured_media":0,"parent":0,"menu_order":0,"comment_status":"closed","ping_status":"closed","template":"","meta":{"footnotes":""},"class_list":["post-2173","page","type-page","status-publish","hentry"],"_links":{"self":[{"href":"\/index.php?rest_route=\/wp\/v2\/pages\/2173","targetHints":{"allow":["GET"]}}],"collection":[{"href":"\/index.php?rest_route=\/wp\/v2\/pages"}],"about":[{"href":"\/index.php?rest_route=\/wp\/v2\/types\/page"}],"author":[{"embeddable":true,"href":"\/index.php?rest_route=\/wp\/v2\/users\/1"}],"replies":[{"embeddable":true,"href":"\/index.php?rest_route=%2Fwp%2Fv2%2Fcomments&post=2173"}],"version-history":[{"count":3,"href":"\/index.php?rest_route=\/wp\/v2\/pages\/2173\/revisions"}],"predecessor-version":[{"id":2656,"href":"\/index.php?rest_route=\/wp\/v2\/pages\/2173\/revisions\/2656"}],"wp:attachment":[{"href":"\/index.php?rest_route=%2Fwp%2Fv2%2Fmedia&parent=2173"}],"curies":[{"name":"wp","href":"https:\/\/api.w.org\/{rel}","templated":true}]}}