{"id":1810,"date":"2025-05-20T14:56:16","date_gmt":"2025-05-20T12:56:16","guid":{"rendered":"http:\/\/10.1.3.5\/seprelad\/?page_id=1810"},"modified":"2025-07-22T16:29:46","modified_gmt":"2025-07-22T14:29:46","slug":"preguntas-frecuentes","status":"publish","type":"page","link":"\/?page_id=1810","title":{"rendered":"Preguntas Frecuentes"},"content":{"rendered":"\n<details class=\"wp-block-details is-layout-flow wp-block-details-is-layout-flow\"><summary><strong>\u00bfQu\u00e9 es el Lavado de Activos?<\/strong><\/summary>\n<p>El lavado de activos es el proceso a trav\u00e9s del cual es encubierto el origen de los fondos generados mediante el ejercicio de algunas actividades ilegales o criminales (como ser narcotr\u00e1fico o estupefacientes, contrabando de armas, corrupci\u00f3n, desfalco, cr\u00edmenes de guante blanco, extorsi\u00f3n, coima, secuestro, pirater\u00eda etc.).<br>El objetivo consiste en hacer que los fondos o activos obtenidos a trav\u00e9s de actividades il\u00edcitas aparezcan como el fruto de actividades leg\u00edtimas y circulen libremente en el sistema financiero.<\/p>\n\n\n\n<p><\/p>\n<\/details>\n\n\n\n<details class=\"wp-block-details is-layout-flow wp-block-details-is-layout-flow\"><summary><strong>\u00bfQui\u00e9n podr\u00eda cometer Lavado de Activos?<\/strong><\/summary>\n<p class=\"has-text-align-left\"><strong>Delitos precedentes de lavado de activos en Paraguay:<\/strong><\/p>\n\n\n\n<p class=\"has-text-align-left\"><strong>Art\u00edculo 196<\/strong>\u00a0del C\u00d3DIGO PENAL PARAGUAYO \u2013 Lavado de Activos:<\/p>\n\n\n\n<p class=\"has-text-align-left\">1\u00ba El que:<\/p>\n\n\n\n<p class=\"has-text-align-left\">1. ocultara un objeto proveniente de<\/p>\n\n\n\n<p class=\"has-text-align-left\">a) un crimen;<\/p>\n\n\n\n<p class=\"has-text-align-left\">b) un hecho punible realizado por un miembro de una asociaci\u00f3n criminal prevista en el art\u00edculo 239,<\/p>\n\n\n\n<p class=\"has-text-align-left\">c) un hecho punible se\u00f1alado en la Ley N\u00ba 1340\/88 &#8211; art\u00edculos 37 al 45; o<\/p>\n\n\n\n<p class=\"has-text-align-left\">2. respecto de tal objeto disimulara su procedencia, frustrara o peligrara el conocimiento de su procedencia o ubicaci\u00f3n, su hallazgo, su comiso, su comiso especial o su secuestro,<\/p>\n\n\n\n<p class=\"has-text-align-left\">ser\u00e1 castigado con pena privativa de libertad de hasta cinco a\u00f1os o con multa.<\/p>\n\n\n\n<p class=\"has-text-align-left\">2\u00ba La misma pena se aplicar\u00e1 al que:<\/p>\n\n\n\n<p class=\"has-text-align-left\">1. obtuviera un objeto se\u00f1alado en el inciso anterior, lo proporcionara a un tercero; o<\/p>\n\n\n\n<p class=\"has-text-align-left\">2. lo guardara o lo utilizara para s\u00ed o para otro, habiendo conocido su procedencia en el momento de la obtenci\u00f3n.<\/p>\n\n\n\n<p class=\"has-text-align-left\">3\u00ba En estos casos, ser\u00e1 castigada tambi\u00e9n la tentativa.<\/p>\n\n\n\n<p class=\"has-text-align-left\">4\u00ba Cuando el autor actuara comercialmente o como miembro de una banda formada para la realizaci\u00f3n continuada de lavado de dinero, la pena privativa de libertad podr\u00e1 ser aumentada hasta diez a\u00f1os. Se aplicar\u00e1 adem\u00e1s lo dispuesto en los art\u00edculos 57 y 94.<\/p>\n\n\n\n<p class=\"has-text-align-left\">5\u00ba El que en los casos de los incisos 1\u00ba y 2\u00ba, y por negligencia grave, desconociera la procedencia del objeto de un hecho antijur\u00eddico se\u00f1alado en el numeral 1 del inciso 1\u00ba, ser\u00e1 castigado con pena privativa de libertad de hasta dos a\u00f1os o con multa.<\/p>\n\n\n\n<p class=\"has-text-align-left\">6\u00ba El hecho no ser\u00e1 punible conforme al inciso 2\u00ba, cuando el objeto haya sido obtenido con anterioridad por un tercero de buena fe.<\/p>\n\n\n\n<p class=\"has-text-align-left\">7\u00ba A los objetos se\u00f1alados en los incisos 1\u00ba, 2\u00ba y 5\u00b0, se equiparar\u00e1n los provenientes de un hecho punible realizado fuera del \u00e1mbito de aplicaci\u00f3n de esta ley, cuando el hecho se halle penalmente sancionado en el lugar de su realizaci\u00f3n.<\/p>\n\n\n\n<p class=\"has-text-align-left\">8\u00ba No ser\u00e1 castigado por lavado de dinero el que:<\/p>\n\n\n\n<p class=\"has-text-align-left\">1. voluntariamente informara o hiciera informar sobre el hecho a la autoridad competente, siempre que \u00e9ste a\u00fan no haya sido totalmente o parcialmente descubierto, y que el autor lo supiera; y<\/p>\n\n\n\n<p class=\"has-text-align-left\">2. en los casos de los incisos 1\u00ba y 2\u00ba , bajo los presupuestos del numeral anterior, facilitara el secuestro de los objetos relativos al hecho punible.<\/p>\n\n\n\n<p class=\"has-text-align-left\">9\u00ba Cuando el autor, mediante la revelaci\u00f3n voluntaria de su conocimiento, haya contribuido considerablemente al esclarecimiento:<\/p>\n\n\n\n<p class=\"has-text-align-left\">1. de las circunstancias del hecho que excedan la propia contribuci\u00f3n al mismo; o<\/p>\n\n\n\n<p class=\"has-text-align-left\">2. de un hecho se\u00f1alado en el inciso 1\u00ba realizado antijur\u00eddicamente por otro, el tribunal podr\u00e1 atenuar la pena con arreglo al art\u00edculo 67 o prescindir de ella.<\/p>\n\n\n\n<p><\/p>\n<\/details>\n\n\n\n<details class=\"wp-block-details is-layout-flow wp-block-details-is-layout-flow\"><summary><strong>\u00bfQu\u00e9 es el Financiamiento del Terrorismo?<\/strong><\/summary>\n<p>\u201cEl financiamiento del terrorismo es el acto de proveer, recolectar o intentar obtener fondos o recursos econ\u00f3micos, por cualquier medio, con la intenci\u00f3n de que sean utilizados \u2014total o parcialmente\u2014 para la comisi\u00f3n de un acto terrorista, por un individuo terrorista o por una organizaci\u00f3n terrorista.<br>Esto incluye:<br>-Financiar directamente la ejecuci\u00f3n de actos violentos con fines pol\u00edticos, ideol\u00f3gicos o religiosos.<br>-Apoyar econ\u00f3mica o log\u00edsticamente a personas u organizaciones que cometan,<br>planifiquen o promuevan el terrorismo.<br>-Recolectar fondos con conocimiento de que ser\u00e1n utilizados (o podr\u00edan serlo) en<br>actividades terroristas, aun cuando no se produzca el acto terrorista en s\u00ed.<br>No se requiere que los fondos sean efectivamente utilizados, ni que el hecho terrorista llegue a concretarse para que el hecho punible se configure.\u201d<\/p>\n\n\n\n<p><\/p>\n<\/details>\n\n\n\n<details class=\"wp-block-details is-layout-flow wp-block-details-is-layout-flow\"><summary><strong>\u00bfQu\u00e9 significa ALA\/CFT?<\/strong><\/summary>\n<p>ALA\/CFT significa \u201cAnti Lavado de Activos y Contra Financiamiento del Terrorismo\u201d en sus siglas en espa\u00f1ol.<\/p>\n\n\n\n<p><\/p>\n<\/details>\n\n\n\n<details class=\"wp-block-details is-layout-flow wp-block-details-is-layout-flow\"><summary><strong>\u00bfQu\u00e9 es una UIF?<\/strong><\/summary>\n<p>La Unidad de Inteligencia Financiera (UIF) es un \u00f3rgano nacional centralizado y aut\u00f3nomo, creado para recibir, analizar, procesar y diseminar informaci\u00f3n financiera y operativa relacionada con presuntas actividades de lavado de activos (LA), financiamiento del terrorismo (FT) y financiamiento de la proliferaci\u00f3n de armas de destrucci\u00f3n masiva (FP).<\/p>\n\n\n\n<p>En Paraguay, la Secretar\u00eda de Prevenci\u00f3n de Lavado de Dinero o Bienes (SEPRELAD) posee el car\u00e1cter de \u201cUnidad de Inteligencia Financiera\u201d, conforme a lo establecido en la Ley N\u00b0 1015\/97 (Art. 14, 17 y siguientes), con autonom\u00eda t\u00e9cnica y operativa para cumplir sus funciones.<\/p>\n\n\n\n<p><\/p>\n<\/details>\n\n\n\n<details class=\"wp-block-details is-layout-flow wp-block-details-is-layout-flow\"><summary><strong>\u00bfCu\u00e1ndo una operaci\u00f3n es considerada sospechosa?<\/strong><\/summary>\n<p>La entidad podr\u00e1 considerar como sospechosa aquellas operaciones del cliente que, no obstante mantenerse dentro de los par\u00e1metros de su perfil financiero, la entidad con buen criterio estime en todo caso irregulares o extra\u00f1as, a tal punto que escapan de lo simplemente inusual\u201d. Es decir, los sujetos obligados deber\u00e1n examinar con especial atenci\u00f3n cualquier operaci\u00f3n, con independencia de su cuant\u00eda, que, por su naturaleza, pueda estar particularmente vinculada al Lavado de Activos o la Financiaci\u00f3n del Terrorismo, en particular, toda operaci\u00f3n compleja, inusual o que no tenga un prop\u00f3sito econ\u00f3mico o l\u00edcito aparente.<\/p>\n\n\n\n<p><\/p>\n<\/details>\n\n\n\n<details class=\"wp-block-details is-layout-flow wp-block-details-is-layout-flow\"><summary><strong>\u00bfQu\u00e9 es un ROS y Cu\u00e1ndo una operaci\u00f3n es considerada sospechosa?<\/strong><\/summary>\n<p>\u201cUn reporte de operaciones sospechosas (ROS) es el mecanismo mediante el cual un SO comunica a la UIF la detecci\u00f3n de una operaci\u00f3n que, a juicio del sujeto obligado, presente indicios, caracter\u00edsticas o circunstancias at\u00edpicas, inusuales o injustificadas, que no guarden coherencia con la actividad declarada, el perfil del cliente o el comportamiento financiero habitual, y que puedan estar relacionadas con el lavado de activos (LA), el financiamiento del terrorismo (FT) o el financiamiento de la proliferaci\u00f3n de armas de destrucci\u00f3n masiva (FP).\u201d<\/p>\n\n\n\n<p><\/p>\n<\/details>\n\n\n\n<details class=\"wp-block-details is-layout-flow wp-block-details-is-layout-flow\"><summary><strong>\u00bfPuede ser p\u00fablica la informaci\u00f3n que contienen los ROS?<\/strong><\/summary>\n<p>Todas las personas que desempe\u00f1en una actividad para la <strong>SEPRELAD <\/strong>y cualquiera que reciba de ella informaci\u00f3n de car\u00e1cter reservado o tenga conocimiento de sus actuaciones o datos, est\u00e1n obligadas a mantener estricta reserva y solamente podr\u00e1n suministrarla a las autoridades competentes.<\/p>\n\n\n\n<p>En ese sentido, la informaci\u00f3n prove\u00edda por los S.O. a la <strong>SEPRELAD <\/strong>en cumplimiento de las obligaciones establecidas en la Ley N\u00b0 1015\/97 y su modificatoria la Ley N\u00b0 3783\/09, se encuentran sujetas al&nbsp;<strong>DEBER del SECRETO PROFESIONAL<\/strong>&nbsp;establecido en el Art. 32\u00b0, el incumplimiento de \u00e9sta obligaci\u00f3n acarrear\u00e1 la responsabilidad prevista por la ley.<\/p>\n\n\n\n<p>Por tanto, el que&nbsp;<em><strong>directa o indirectamente revele, divulgue o haga uso personal indebido a trav\u00e9s de cualquier medio o forma de la informaci\u00f3n confidencial incumpliendo con su deber, responsabilidad y obligaci\u00f3n de reserva y estricta confidencialidad, sin perjuicio de la responsabilidad civil y administrativa, ser\u00e1 sancionado seg\u00fan lo dispuesto en el C\u00f3digo Penal.<\/strong><\/em><\/p>\n\n\n\n<p><\/p>\n<\/details>\n\n\n\n<details class=\"wp-block-details is-layout-flow wp-block-details-is-layout-flow\"><summary><strong>\u00bfQu\u00e9 es un Sujeto Obligado?<\/strong><\/summary>\n<p>El sujeto obligado es cada persona jur\u00eddica o natural que est\u00e9 sometida a las obligaciones establecidas en las leyes de ALA\/CFT; como las pautas de identificar al cliente, de aplicar medidas de debida diligencia, de desarrollar pol\u00edticas internas, de llevar registro y informar operaciones sospechosas a la UIF.<\/p>\n\n\n\n<p><\/p>\n<\/details>\n\n\n\n<details class=\"wp-block-details is-layout-flow wp-block-details-is-layout-flow\"><summary><strong>\u00bfQui\u00e9nes son Sujetos Obligados?<\/strong><\/summary>\n<p><strong>LEY N\u00b0 6960<\/strong><\/p>\n\n\n\n<p><strong>QUE MODIFICA LOS ART\u00cdCULOS 13, 25 Y 28 DE LA LEY N\u00b0 1015\/1997 \u201cQUE PREVIENE Y REPRIME LOS ACTOS IL\u00cdCITOS DESTINADOS A LA LEGITIMACI\u00d3N DE DINERO O BIENES\u201d, MODIFICADOS POR LAS LEYES N\u00b0s 3783\/2009 Y 6797\/2021<\/strong><\/p>\n\n\n\n<p><strong>EL CONGRESO DE LA NACI\u00d3N PARAGUAYA SANCIONA CON FUERZA DE<\/strong><\/p>\n\n\n\n<p><strong>L E Y:<\/strong><\/p>\n\n\n\n<p><strong>Art\u00edculo 1\u00ba.-<\/strong>&nbsp;Modif\u00edcanse los Art\u00edculos 13, 25 y 28 de la&nbsp;<a href=\"https:\/\/www.bacn.gov.py\/leyes-paraguayas\/988\/ley-n-1015-previene-y-reprime-los-actos-ilicitos-destinados-a-la-legitimacion-de-dinero-o-bienes#:~:text=%2D%20Obligaci%C3%B3n%20de%20contar%20con%20procedimientos,lavado%20de%20dinero%20o%20bienes.\" target=\"_blank\" rel=\"noreferrer noopener\">Ley N\u00b0 1015\/1997<\/a>&nbsp;\u201cQUE PREVIENE Y REPRIME LOS ACTOS IL\u00cdCITOS DESTINADOS A LA LEGITIMACI\u00d3N DE DINERO O BIENES\u201d, modificados por las<a href=\"https:\/\/www.bacn.gov.py\/leyes-paraguayas\/1439\/ley-n-3783-modifica-varios-articulos-de-la-ley-n-101597-que-previene-y-reprime-los-actos-ilicitos-destinados-a-la-legitimacion-de-dinero-o-bienes#:~:text=Conveci%C3%B3n%20Nacional%20Constituyente-,Ley%20N%C2%BA%203783%20%2F%20MODIFICA%20VARIOS%20ART%C3%8DCULOS%20DE%20LA%20LEY%20N,LEGITIMACI%C3%93N%20DE%20DINERO%20O%20BIENES%E2%80%9D.&amp;text=QUE%20MODIFICA%20VARIOS%20ART%C3%8DCULOS%20DE,LEGITIMACI%C3%93N%20DE%20DINERO%20O%20BIENES%E2%80%9D.\" target=\"_blank\" rel=\"noreferrer noopener\">&nbsp;Leyes N\u00b0s 3783\/2009<\/a>&nbsp;y&nbsp;<a href=\"https:\/\/www.bacn.gov.py\/leyes-paraguayas\/9652\/ley-n-6797-modifica-el-articulo-13-de-la-ley-n-10151997-que-previene-y-reprime-los-actos-ilicitos-destinados-a-la-legitimacion-de-dinero-o-bienes-modificada-por-la-ley-n-37832009#:~:text=N%C2%BA%203783%2F2009-,Ley%20N%C2%BA%206797%20%2F%20MODIFICA%20EL%20ART%C3%8DCULO%2013%20DE%20LA%20LEY,LA%20LEY%20N%C2%BA%203783%2F2009\" target=\"_blank\" rel=\"noreferrer noopener\">6797\/2021<\/a>, que quedan redactados como sigue:<\/p>\n\n\n\n<p><strong>\u201cArt. 13.- Sujetos Obligados.<\/strong><\/p>\n\n\n\n<p>Quedan sujetos a las obligaciones establecidas en el presente cap\u00edtulo, los siguientes sectores:<\/p>\n\n\n\n<p><strong>a)<\/strong>&nbsp;los bancos;<\/p>\n\n\n\n<p><strong>b)<\/strong>&nbsp;las financieras;<\/p>\n\n\n\n<p><strong>c)<\/strong>&nbsp;las compa\u00f1\u00edas de seguro;<\/p>\n\n\n\n<p><strong>d)&nbsp;<\/strong>las casas de cambio;<\/p>\n\n\n\n<p><strong>e)<\/strong>&nbsp;las sociedades y agencias de valores (bolsa de valores);<\/p>\n\n\n\n<p><strong>f)<\/strong>&nbsp;las sociedades de inversi\u00f3n;<\/p>\n\n\n\n<p><strong>g)<\/strong>&nbsp;las sociedades de mandato;<\/p>\n\n\n\n<p><strong>h)&nbsp;<\/strong>las administradoras de fondos mutuos de inversi\u00f3n y de jubilaci\u00f3n;<\/p>\n\n\n\n<p><strong>i)<\/strong>&nbsp;las cooperativas;<\/p>\n\n\n\n<p><strong>j)<\/strong>&nbsp;las que explotan juegos de azar;<\/p>\n\n\n\n<p><strong>k)<\/strong>&nbsp;las inmobiliarias;<\/p>\n\n\n\n<p><strong>l)&nbsp;<\/strong>las organizaciones sin fines de lucro (OSL);<\/p>\n\n\n\n<p><strong>m)<\/strong>&nbsp;las casas de empe\u00f1os;<\/p>\n\n\n\n<p><strong>n)&nbsp;<\/strong>las entidades gubernamentales;<\/p>\n\n\n\n<p><strong>\u00f1)<\/strong>&nbsp;las actividades y profesiones no financieras;<\/p>\n\n\n\n<p><strong>o)<\/strong>&nbsp;las empresas dedicadas a la producci\u00f3n, distribuci\u00f3n y comercializaci\u00f3n de tabacos, cigarrillos y similares;<\/p>\n\n\n\n<p><strong>p)<\/strong>&nbsp;los clubes deportivos, cualquiera sea su disciplina;<\/p>\n\n\n\n<p><strong>q)&nbsp;<\/strong>las uniones, federaciones, confederaciones y asociaciones de las distintas modalidades deportivas;<\/p>\n\n\n\n<p><strong>r)&nbsp;<\/strong>la\/s personas f\u00edsica\/s o jur\u00eddica\/s que se dedique de manera habitual a la intermediaci\u00f3n financiera y al comercio de contratos deportivos;<\/p>\n\n\n\n<p><strong>s)&nbsp;<\/strong>el comercio de joyas, piedras y metales preciosos;<\/p>\n\n\n\n<p><strong>t)<\/strong>&nbsp;objetos de arte y antig\u00fcedades, a la inversi\u00f3n filat\u00e9lica o numism\u00e1tica;<\/p>\n\n\n\n<p><strong>u)&nbsp;<\/strong>las que realicen actos de comercio en general, que impliquen transferencias de dinero o valores, sean estas formales o informales, de conformidad con lo establecido en la presente Ley; y,<\/p>\n\n\n\n<p><strong>v)<\/strong>&nbsp;los proveedores de servicios de activos virtuales (PSAV).<\/p>\n\n\n\n<p><\/p>\n<\/details>\n\n\n\n<details class=\"wp-block-details is-layout-flow wp-block-details-is-layout-flow\"><summary><strong>Beneficiario Final<\/strong><\/summary>\n<p>El Beneficiario Final se refiere a la o las personas f\u00edsicas que, directa o indirectamente, posean una participaci\u00f3n sustantiva o control final sobre la persona jur\u00eddica o estructura jur\u00eddica, o se beneficie de \u00e9stas, de manera que se enmarque por lo menos en una de las siguientes condiciones:<\/p>\n\n\n\n<p><strong>a)<\/strong>&nbsp;Tenga participaci\u00f3n sustantiva: la tenencia de acciones o participaciones en un porcentaje igual o mayor al 10% (diez por ciento) con respecto al capital total de la persona o estructura jur\u00eddica;<\/p>\n\n\n\n<p><strong>b)<\/strong>&nbsp;Controle m\u00e1s del 25% (veinticinco por ciento) del derecho de votaci\u00f3n en la persona o estructura jur\u00eddica;<\/p>\n\n\n\n<p><strong>c)<\/strong>&nbsp;Gerentes, administradores o quienes frecuentemente usen o se beneficien de los activos que son propiedad de la persona o estructura jur\u00eddica o, en cuyo nombre o beneficio se realice una transacci\u00f3n de la persona o estructura jur\u00eddica;<\/p>\n\n\n\n<p><strong>d)<\/strong>&nbsp;No estando contemplado en los incisos anteriores, tenga derecho a designar o cesar parte de los \u00f3rganos de administraci\u00f3n, direcci\u00f3n o supervisi\u00f3n; o,<\/p>\n\n\n\n<p><strong>e)<\/strong>&nbsp;Que posea la condici\u00f3n de control de esa persona o estructura jur\u00eddica en virtud de sus estatutos, reglamentos u otros instrumentos.<\/p>\n\n\n\n<p><a href=\"https:\/\/www.bacn.gov.py\/leyes-paraguayas\/9116\/ley-n-6446-crea-el-registro-administrativo-de-personas-y-estructuras-juridicas-y-el-registro-administrativo-de-beneficiarios-finales-del-paraguay\">https:\/\/www.bacn.gov.py\/leyes-paraguayas\/9116\/ley-n-6446-crea-el-registro-administrativo-de-personas-y-estructuras-juridicas-y-el-registro-administrativo-de-beneficiarios-finales-del-paraguay<\/a><\/p>\n\n\n\n<p><\/p>\n<\/details>\n\n\n\n<details class=\"wp-block-details is-layout-flow wp-block-details-is-layout-flow\"><summary><strong>\u00bfQu\u00e9 es una tipolog\u00eda?<\/strong><\/summary>\n<p>Tipolog\u00eda en el contexto del LD\/FT se entiende como la clasificaci\u00f3n y descripci\u00f3n de t\u00e9cnicas y m\u00e9todos utilizados por las organizaciones criminales para dar apariencia de legalidad a los fondos de procedencia l\u00edcita o il\u00edcita, que se oculten, depositen, retiren, enajenen, adquieran, conviertan o transfieran de un lugar a otro o entre distintas personas y distintos medios, con el fin de financiar sus actividades criminales.<\/p>\n\n\n\n<p>La identificaci\u00f3n de esas t\u00e9cnicas y m\u00e9todos se realiza mediante el an\u00e1lisis de numerosos casos que demuestran una misma tendencia, de esta manera, una tipolog\u00eda permite la identificaci\u00f3n de se\u00f1ales de alerta, que de forma conjunta y en determinadas circunstancias, conllevan a presumir escenarios que pudieran favorecer determinados actos y operaciones de riesgo para la comisi\u00f3n de LD\/FT.<br><br>El prop\u00f3sito de las tipolog\u00edas es ayudar a los S.O. a detectar los principales comportamientos y tendencias en materia de LD\/FT, a fin que \u00e9stos, dise\u00f1en o ajusten mecanismos de control y se\u00f1ales de alerta para protegerse de la posibilidad de ser utilizados.<\/p>\n\n\n\n<p>Las&nbsp;<strong>TIPOLOG\u00cdAS REGIONALES&nbsp;<\/strong>presentadas por los pa\u00edses miembros del&nbsp;<strong>GRUPO de ACCI\u00d3N FINANCIERA LATINOAMERICANA &#8211; GAFILAT<\/strong>, se realizan en un periodo bienal y los informes resultantes se publican en la Biblioteca Virtual de su P\u00e1gina Web &#8211; www.gafilat.org\/index.php\/es\/.<\/p>\n\n\n\n<p><\/p>\n<\/details>\n\n\n\n<details class=\"wp-block-details is-layout-flow wp-block-details-is-layout-flow\"><summary><strong>\u00bfQui\u00e9n es el Oficial de Cumplimiento?<\/strong><\/summary>\n<p>Es la persona que verifica la existencia, suficiencia y eficacia de los mecanismos dise\u00f1ados para prevenir el LA\/FT en la entidad.<\/p>\n\n\n\n<p>El Oficial del Cumplimiento debe tener un nivel jer\u00e1rquico superior.<\/p>\n\n\n\n<p><\/p>\n<\/details>\n\n\n\n<details class=\"wp-block-details is-layout-flow wp-block-details-is-layout-flow\"><summary><strong>\u00bfQu\u00e9 es una evaluaci\u00f3n mutua y para qu\u00e9 sirve?<\/strong><\/summary>\n<p>La evaluaci\u00f3n mutua consiste en una revisi\u00f3n de los sistemas y mecanismos que se han creado en cada pa\u00eds miembro para poder instituir sistemas de prevenci\u00f3n de lavado de activos y financiamiento del terrorismo. Se examinan tanto el cumplimiento con las 40 Recomendaciones, su aplicaci\u00f3n efectiva como el riesgo de lavado de activos y financiamiento del terrorismo.<\/p>\n\n\n\n<p><\/p>\n<\/details>\n\n\n\n<details class=\"wp-block-details is-layout-flow wp-block-details-is-layout-flow\"><summary><strong>\u00bfQu\u00e9 son las Actividades y Profesiones No Financieras Designadas (APNFD)?<\/strong><\/summary>\n<p>Las APNFD son profesiones no financieras, sectores vulnerables a ser utilizados para la realizaci\u00f3n de hechos punibles relacionados al lavado de activos o financiamiento del terrorismo. Se trata de profesiones y actividades que tradicionalmente tratan con clientes que buscan el anonimato y la modalidad de pago utilizada en su mayor\u00eda es en efectivo:<\/p>\n\n\n\n<ul class=\"wp-block-list\">\n<li>Casinos<\/li>\n\n\n\n<li>Agentes Inmobiliarios<\/li>\n\n\n\n<li>Comerciantes de Piedras Preciosas y Metales Preciosos<\/li>\n\n\n\n<li>Notarios<\/li>\n\n\n\n<li>Abogados<\/li>\n\n\n\n<li>Contadores P\u00fablicos<\/li>\n\n\n\n<li>Proveedores de Servicios Societarios y de Fideicomisos<\/li>\n<\/ul>\n\n\n\n<p>&nbsp;<a href=\"\/documentos\/GAFI Nuevas_40_Recomendaciones.pdf\" target=\"_blank\" rel=\"noreferrer noopener\">Ver&nbsp;<\/a><strong> <\/strong><strong>Rec. 22 APNFD-Nuevas 40 Recomendaciones del GAFI (Espa\u00f1ol).<\/strong><\/p>\n\n\n\n<p><\/p>\n<\/details>\n\n\n\n<details class=\"wp-block-details is-layout-flow wp-block-details-is-layout-flow\"><summary><strong>\u00bfA qui\u00e9n se le considera Persona Expuesta Pol\u00edticamente (PEP)?<\/strong><\/summary>\n<p>Persona Expuesta Pol\u00edticamente (PEP) es toda persona, nacional o extranjera, que desempe\u00f1a o ha desempe\u00f1ado funciones p\u00fablicas en algunos de los cargos detallados en los art\u00edculos 2\u00b0, 3\u00b0 y 4\u00b0 de la Resoluci\u00f3n Nro. 50\/19.<\/p>\n\n\n\n<p>Para mejor ilustraci\u00f3n ingrese al siguiente link:  <a href=\"\/resoluciones\/resoluciones\/resolucion-n-50-19-por-el-cual-se-aprueba-el-reglamento-de-identificacion-de-personas-expuestas-politicamente.pdf\" target=\"_blank\" rel=\"noreferrer noopener\">Nro. 50\/19 <\/a><\/p>\n\n\n\n<p><\/p>\n<\/details>\n\n\n\n<details class=\"wp-block-details is-layout-flow wp-block-details-is-layout-flow\"><summary><strong>\u00bfA qu\u00e9 se refiere cuando se habla de&nbsp; proliferaci\u00f3n de armas de destrucci\u00f3n masiva?<\/strong><\/summary>\n<p>Las armas de destrucci\u00f3n masiva (ADM) se refieren a una categor\u00eda de armamento capaz de causar una destrucci\u00f3n significativa a gran escala, que abarca principalmente armas nucleares, qu\u00edmicas y biol\u00f3gicas. El contexto hist\u00f3rico de las ADM se remonta a los efectos catastr\u00f3ficos de la Segunda Guerra Mundial, en particular en Hiroshima y Nagasaki, donde las bombas at\u00f3micas causaron una devastaci\u00f3n sin precedentes. En el panorama actual, persiste la preocupaci\u00f3n por la existencia de vastos arsenales de estas armas, as\u00ed como por la posibilidad de que nuevas naciones desarrollen sus propios arsenales y de que las organizaciones terroristas adquieran dichas capacidades.<\/p>\n\n\n\n<p>La proliferaci\u00f3n de armas de destrucci\u00f3n masiva no solo afecta al sistema financiero, sino tambi\u00e9n a todos los ciudadanos. Ayudar a evitar que las entidades sancionadas por la ONU utilicen el sistema financiero para financiar sus programas de desarrollo u obtenci\u00f3n de armas de destrucci\u00f3n masiva deber\u00eda ser una prioridad para todas las jurisdicciones. Para mejor ilustraci\u00f3n &nbsp;ingrese al siguiente link: <a href=\"https:\/\/www.fatf-gafi.org\/en\/publications\/Financingofproliferation\/Guidance-counter-proliferation-financing.html\">https:\/\/www.fatf-gafi.org\/en\/publications\/Financingofproliferation\/Guidance-counter-proliferation-financing.html<\/a><\/p>\n<\/details>\n\n\n\n<details class=\"wp-block-details is-layout-flow wp-block-details-is-layout-flow\"><summary><strong>\u00bfQu\u00e9 son las Estructuras Jur\u00eddicas?<\/strong><\/summary>\n<p>Se refiere a los fideicomisos expresos u otras estructuras jur\u00eddicas similares. Entre los ejemplos de otras estructuras similares (a los efectos del ALA\/CFT) est\u00e1n: fiducia, treuhand y el fideicomiso<\/p>\n\n\n\n<p><\/p>\n<\/details>\n\n\n\n<details class=\"wp-block-details is-layout-flow wp-block-details-is-layout-flow\"><summary><strong>\u00bfQu\u00e9 son las Sanciones financieras dirigidas?<\/strong><\/summary>\n<p>El t\u00e9rmino sanciones financieras dirigidas significa tanto el congelamiento de activos como las prohibiciones para prevenir que los fondos u otros activos sean suministrados, directa o indirectamente, para el beneficio de las personas y entidades designadas.<\/p>\n<\/details>\n\n\n\n<p><\/p>\n","protected":false},"excerpt":{"rendered":"","protected":false},"author":1,"featured_media":0,"parent":0,"menu_order":0,"comment_status":"closed","ping_status":"closed","template":"","meta":{"footnotes":""},"class_list":["post-1810","page","type-page","status-publish","hentry"],"_links":{"self":[{"href":"\/index.php?rest_route=\/wp\/v2\/pages\/1810","targetHints":{"allow":["GET"]}}],"collection":[{"href":"\/index.php?rest_route=\/wp\/v2\/pages"}],"about":[{"href":"\/index.php?rest_route=\/wp\/v2\/types\/page"}],"author":[{"embeddable":true,"href":"\/index.php?rest_route=\/wp\/v2\/users\/1"}],"replies":[{"embeddable":true,"href":"\/index.php?rest_route=%2Fwp%2Fv2%2Fcomments&post=1810"}],"version-history":[{"count":72,"href":"\/index.php?rest_route=\/wp\/v2\/pages\/1810\/revisions"}],"predecessor-version":[{"id":3035,"href":"\/index.php?rest_route=\/wp\/v2\/pages\/1810\/revisions\/3035"}],"wp:attachment":[{"href":"\/index.php?rest_route=%2Fwp%2Fv2%2Fmedia&parent=1810"}],"curies":[{"name":"wp","href":"https:\/\/api.w.org\/{rel}","templated":true}]}}